the remainder when 59305677 is divided by 5391423.
24
What is the remainder when 600253 is divided by 299807?
639
What is the remainder when 23357758 is divided by 3356?
3354
Calculate the remainder when 114548 is divided by 2664.
2660
Calculate the remainder when 949056 is divided by 4721.
135
Calculate the remainder when 17845498 is divided by 36.
10
What is the remainder when 1756892 is divided by 351341?
187
Calculate the remainder when 1901941 is divided by 288.
277
What is the remainder when 85050 is divided by 18951?
9246
Calculate the remainder when 75089 is divided by 1669.
1653
What is the remainder when 1179084 is divided by 34?
32
Calculate the remainder when 373994 is divided by 3388.
1314
What is the remainder when 153473 is divided by 105?
68
What is the remainder when 79159 is divided by 12637?
3337
Calculate the remainder when 1163375148 is divided by 98.
96
What is the remainder when 170390013 is divided by 1077?
1074
Calculate the remainder when 833050 is divided by 2844.
2602
What is the remainder when 2292671 is divided by 64?
63
What is the remainder when 396475 is divided by 69?
1
What is the remainder when 7683408 is divided by 1333?
1329
Calculate the remainder when 4500 is divided by 2820.
1680
Calculate the remainder when 208565 is divided by 208471.
94
Calculate the remainder when 10977733 is divided by 40.
13
Calculate the remainder when 36989807 is divided by 1894.
1881
Calculate the remainder when 130857 is divided by 32484.
921
Calculate the remainder when 1357673 is divided by 79.
58
Calculate the remainder when 207287 is divided by 41431.
132
Calculate the remainder when 6677248 is divided by 487.
478
What is the remainder when 150621 is divided by 9358?
893
What is the remainder when 1736776 is divided by 3042?
2836
What is the remainder when 1575425 is divided by 92535?
2330
Calculate the remainder when 183478 is divided by 13099.
92
Calculate the remainder when 8496311 is divided by 70.
61
What is the remainder when 72116 is divided by 947?
144
Calculate the remainder when 20804687 is divided by 167.
161
What is the remainder when 4021774 is divided by 17410?
64
What is the remainder when 3345000 is divided by 295?
290
What is the remainder when 59651 is divided by 2710?
31
What is the remainder when 63543 is divided by 202?
115
Calculate the remainder when 165385949 is divided by 72.
5
Calculate the remainder when 593459912 is divided by 6874.
6870
What is the remainder when 6229631 is divided by 94?
63
Calculate the remainder when 3314529 is divided by 159.
15
Calculate the remainder when 1025554 is divided by 587.
65
What is the remainder when 244017 is divided by 10592?
401
Calculate the remainder when 2051203 is divided by 293009.
140
What is the remainder when 59318754 is divided by 76?
70
Calculate the remainder when 76840 is divided by 2474.
146
Calculate the remainder when 23534906 is divided by 265.
256
Calculate the remainder when 15904 is divided by 13342.
2562
What is the remainder when 3240139 is divided by 21892?
123
What is the remainder when 18660 is divided by 8224?
2212
Calculate the remainder when 9232863 is divided by 3366.
3291
Calculate the remainder when 3006065 is divided by 2201.
1700
What is the remainder when 3652336 is divided by 2996?
212
Calculate the remainder when 15330640 is divided by 2814.
2782
Calculate the remainder when 29498360 is divided by 65.
60
Calculate the remainder when 7035649 is divided by 1172602.
37
Calculate the remainder when 74303 is divided by 8131.
1124
What is the remainder when 97463 is divided by 571?
393
What is the remainder when 12313975 is divided by 18?
13
What is the remainder when 1030152 is divided by 6819?
483
What is the remainder when 3022700 is divided by 88?
76
What is the remainder when 21966 is divided by 407?
395
Calculate the remainder when 14044559 is divided by 4681514.
17
Calculate the remainder when 4284889 is divided by 1036.
1029
Calculate the remainder when 7967 is divided by 1323.
29
Calculate the remainder when 408371 is divided by 2460.
11
Calculate the remainder when 380886 is divided by 598.
558
What is the remainder when 31731411 is divided by 64?
19
What is the remainder when 8721430 is divided by 324?
322
Calculate the remainder when 16373505 is divided by 29.
18
Calculate the remainder when 252130724 is divided by 343.
342
What is the remainder when 38750868 is divided by 33?
24
Calculate the remainder when 877490 is divided by 22.
20
What is the remainder when 812358 is divided by 406035?
288
What is the remainder when 3058 is divided by 2563?
495
Calculate the remainder when 121508 is divided by 30113.
1056
Calculate the remainder when 7343034 is divided by 97907.
9
What is the remainder when 608812481 is divided by 8533?
8530
What is the remainder when 121365 is divided by 140?
125
Calculate the remainder when 49466153 is divided by 5.
3
Calculate the remainder when 3028572 is divided by 1630.
32
What is the remainder when 3780936 is divided by 945234?
0
What is the remainder when 6373618 is divided by 10605?
13
Calculate the remainder when 466488 is divided by 412.
104
What is the remainder when 87489065 is divided by 7953550?
15
Calculate the remainder when 2399718 is divided by 1199852.
14
Calculate the remainder when 73991 is divided by 71508.
2483
Calculate the remainder when 159271068 is divided by 1474732.
12
What is the remainder when 14562 is divided by 7064?
434
Calculate the remainder when 17166593 is divided by 11.
4
Calculate the remainder when 148542 is divided by 5807.
3367
Calculate the remainder when 427635 is divided by 2047.
1859
What is the remainder when 2015794 is divided by 83990?
34
What is the remainder when 18241538 is divided by 4003?
3870
Calculate the remainder when 53910 is divided by 2.
0
Calculate the remainder when 38659947 is divided by 9.
6
What is the remainder when 253466 is divided by 2531?
366
What is the remainder when 5296395 is divided by 3557?
22
Calculate the remainder when 1213208 is divided by 154.
150
What is the remainder when 59056373 is divided by 2770?
2743
Calculate the remainder when 25519005 is divided by 130.
5
Calculate the remainder when 719243 is divided by 6850.
6843
Calculate the remainder when 30143781 is divided by 15071869.
43
Calculate the remainder when 1550214 is divided by 103335.
189
What is the remainder when 559879 is divided by 279917?
45
Calculate the remainder when 2034331 is divided by 286.
13
Calculate the remainder when 780915045 is divided by 7068.
7065
Calculate the remainder when 27544 is divided by 24679.
2865
Calculate the remainder when 78329 is divided by 3420.
3089
What is the remainder when 575697 is divided by 4265?
4187
What is the remainder when 2977138 is divided by 992367?
37
Calculate the remainder when 449576 is divided by 2680.
2016
Calculate the remainder when 143285 is divided by 1796.
1401
What is the remainder when 34551224 is divided by 17275604?
16
What is the remainder when 8019808 is divided by 90?
88
What is the remainder when 2827 is divided by 906?
109
Calculate the remainder when 3654379 is divided by 3654360.
19
What is the remainder when 18836 is divided by 1220?
536
Calculate the remainder when 816919 is divided by 4834.
4807
Calculate the remainder when 2516229 is divided by 13.
1
Calculate the remainder when 16979 is divided by 3313.
414
What is the remainder when 23808656 is divided by 60?
56
What is the remainder when 3327292 is divided by 194?
192
Calculate the remainder when 109751 is divided by 79.
20
What is the remainder when 380478 is divided by 78?
72
What is the remainder when 17402145 is divided by 13?
7
Calculate the remainder when 70262036 is divided by 826.
824
Calculate the remainder when 255939 is divided by 2939.
246
What is the remainder when 40237429 is divided by 27?
4
Calculate the remainder when 21647246 is divided by 2.
0
What is the remainder when 835813 is divided by 3941?
321
What is the remainder when 33636303 is divided by 356?
355
Calculate the remainder when 50785091 is divided by 9.
8
What is the remainder when 280254 is divided by 63?
30
Calculate the remainder when 9716049 is divided by 922.
13
What is the remainder when 253865 is divided by 3429?
119
Calculate the rem